{"id":131,"date":"2022-10-08T18:16:23","date_gmt":"2022-10-08T18:16:23","guid":{"rendered":"https:\/\/www.revistasmedicas.org\/?page_id=131"},"modified":"2024-04-24T17:49:00","modified_gmt":"2024-04-24T22:49:00","slug":"actividades-academicas","status":"publish","type":"page","link":"https:\/\/www.revistasmedicas.org\/index.php\/actividades-academicas\/","title":{"rendered":"Actividades Acad\u00e9micas"},"content":{"rendered":"<ul class=\"wp-block-latest-posts__list wp-block-latest-posts\"><li><div class=\"wp-block-latest-posts__featured-image\"><img loading=\"lazy\" decoding=\"async\" width=\"150\" height=\"150\" src=\"https:\/\/www.revistasmedicas.org\/wp-content\/uploads\/2024\/04\/image-150x150.png\" class=\"attachment-thumbnail size-thumbnail wp-post-image\" alt=\"\" style=\"\" \/><\/div><a class=\"wp-block-latest-posts__post-title\" href=\"https:\/\/www.revistasmedicas.org\/index.php\/2024\/04\/24\/curso-en-laser-y-tecnologias-en-gineco-obstetricia\/\">Curso en Laser y tecnolog\u00edas en Gineco-Obstetricia<\/a><div class=\"wp-block-latest-posts__post-excerpt\">Organizacor: FECASOG Fecha: Enero &#8211; Junio 2024 Enlace: https:\/\/agog.com.gt\/curso-de-actualizacion-en-laser-2024\/<\/div><\/li>\n<li><div class=\"wp-block-latest-posts__featured-image\"><img loading=\"lazy\" decoding=\"async\" width=\"150\" height=\"150\" src=\"https:\/\/www.revistasmedicas.org\/wp-content\/uploads\/2022\/09\/nefro-150x150.jpg\" class=\"attachment-thumbnail size-thumbnail wp-post-image\" alt=\"\" style=\"\" srcset=\"https:\/\/www.revistasmedicas.org\/wp-content\/uploads\/2022\/09\/nefro-150x150.jpg 150w, https:\/\/www.revistasmedicas.org\/wp-content\/uploads\/2022\/09\/nefro-300x300.jpg 300w, https:\/\/www.revistasmedicas.org\/wp-content\/uploads\/2022\/09\/nefro.jpg 600w\" sizes=\"(max-width: 150px) 100vw, 150px\" \/><\/div><a class=\"wp-block-latest-posts__post-title\" href=\"https:\/\/www.revistasmedicas.org\/index.php\/2022\/09\/10\/actualizacion-en-enfermedad-renal-cronica-no-tradicional\/\">Actualizaci\u00f3n en enfermedad renal cr\u00f3nica no tradicional<\/a><div class=\"wp-block-latest-posts__post-excerpt\">Panelistas Dra. Karen Courville (Panam\u00e1)Dr. Ricardo Correa Rotter (M\u00e9xico)Dr. Ram\u00f3n Garc\u00eda Trabanino (El Salvador) Moderador: Dr. Vicente S\u00e1nchez Polo (Guatemala) Fecha: Aug 31, 2022 07:00 PM in Panama (La actividad ha concluido) Enlace: https:\/\/us06web.zoom.us\/webinar\/register\/WN_Pj30LJq0S6K3mN7lgvweww<\/div><\/li>\n<\/ul>","protected":false},"excerpt":{"rendered":"","protected":false},"author":1,"featured_media":0,"parent":0,"menu_order":0,"comment_status":"closed","ping_status":"closed","template":"","meta":{"footnotes":""},"folder":[],"class_list":["post-131","page","type-page","status-publish","hentry"],"_links":{"self":[{"href":"https:\/\/www.revistasmedicas.org\/index.php\/wp-json\/wp\/v2\/pages\/131"}],"collection":[{"href":"https:\/\/www.revistasmedicas.org\/index.php\/wp-json\/wp\/v2\/pages"}],"about":[{"href":"https:\/\/www.revistasmedicas.org\/index.php\/wp-json\/wp\/v2\/types\/page"}],"author":[{"embeddable":true,"href":"https:\/\/www.revistasmedicas.org\/index.php\/wp-json\/wp\/v2\/users\/1"}],"replies":[{"embeddable":true,"href":"https:\/\/www.revistasmedicas.org\/index.php\/wp-json\/wp\/v2\/comments?post=131"}],"version-history":[{"count":4,"href":"https:\/\/www.revistasmedicas.org\/index.php\/wp-json\/wp\/v2\/pages\/131\/revisions"}],"predecessor-version":[{"id":888,"href":"https:\/\/www.revistasmedicas.org\/index.php\/wp-json\/wp\/v2\/pages\/131\/revisions\/888"}],"wp:attachment":[{"href":"https:\/\/www.revistasmedicas.org\/index.php\/wp-json\/wp\/v2\/media?parent=131"}],"wp:term":[{"taxonomy":"folder","embeddable":true,"href":"https:\/\/www.revistasmedicas.org\/index.php\/wp-json\/wp\/v2\/folder?post=131"}],"curies":[{"name":"wp","href":"https:\/\/api.w.org\/{rel}","templated":true}]}}